{"id":2054,"date":"2025-06-06T11:44:52","date_gmt":"2025-06-06T09:44:52","guid":{"rendered":"https:\/\/absolument-fab.com\/melody\/?post_type=project&#038;p=2054"},"modified":"2026-08-18T15:27:52","modified_gmt":"2026-08-18T13:27:52","slug":"images-interieures","status":"publish","type":"project","link":"https:\/\/absolument-fab.com\/melody\/project\/images-interieures\/","title":{"rendered":"Images int\u00e9rieures 1984-1988"},"content":{"rendered":"<p>[et_pb_section fb_built=\u00a0\u00bb1&Prime; _builder_version=\u00a0\u00bb4.27.7&Prime; custom_margin=\u00a0\u00bb0px||0px||false|false\u00a0\u00bb custom_padding=\u00a0\u00bb0px||0px||false|false\u00a0\u00bb global_colors_info=\u00a0\u00bb{}\u00a0\u00bb][et_pb_row column_structure=\u00a0\u00bb1_3,2_3&Prime; _builder_version=\u00a0\u00bb4.27.4&Prime; background_size=\u00a0\u00bbinitial\u00a0\u00bb background_position=\u00a0\u00bbtop_left\u00a0\u00bb background_repeat=\u00a0\u00bbrepeat\u00a0\u00bb custom_margin=\u00a0\u00bb||0px||false|false\u00a0\u00bb custom_padding=\u00a0\u00bb||||false|false\u00a0\u00bb global_colors_info=\u00a0\u00bb{}\u00a0\u00bb][et_pb_column type=\u00a0\u00bb1_3&Prime; _builder_version=\u00a0\u00bb4.27.4&Prime; custom_padding=\u00a0\u00bb30px||||false|false\u00a0\u00bb global_colors_info=\u00a0\u00bb{}\u00a0\u00bb custom_padding__hover=\u00a0\u00bb|||\u00a0\u00bb][et_pb_text _builder_version=\u00a0\u00bb4.27.7&Prime; header_2_font_size=\u00a0\u00bb28px\u00a0\u00bb background_size=\u00a0\u00bbinitial\u00a0\u00bb background_position=\u00a0\u00bbtop_left\u00a0\u00bb background_repeat=\u00a0\u00bbrepeat\u00a0\u00bb global_colors_info=\u00a0\u00bb{}\u00a0\u00bb]<\/p>\n<h4 style=\"text-align: justify;\">Images int\u00e9rieures<\/h4>\n<p style=\"text-align: justify;\">1984-1988<\/p>\n<p><strong><em>Technique : Film argentique noir et blanc &#8211; Tirage papier baryt\u00e9\u00a0<\/em><\/strong><\/p>\n<p style=\"text-align: left;\">Mes premi\u00e8res photographies argentiques en noir et blanc rel\u00e8vent d\u2019une d\u00e9marche autobiographique centr\u00e9e sur le corps, parfois proche du happening. Influenc\u00e9e par les actionnistes viennois que je c\u00f4toyais dans les ann\u00e9es 80, j\u2019y mets en sc\u00e8ne mon corps et celui d\u2019autres femmes : corps d\u00e9nud\u00e9s, attach\u00e9s, band\u00e9s, pris dans la mati\u00e8re, ramen\u00e9s \u00e0 leur condition de chair et d\u2019\u00e9motion. Ces images, souvent alt\u00e9r\u00e9es ou r\u00e9interpr\u00e9t\u00e9es par des manipulations successives, explorent l\u2019ali\u00e9nation, l\u2019angoisse et la d\u00e9tresse humaines.<\/p>\n<p>&nbsp;<\/p>\n<p>[\/et_pb_text][et_pb_post_nav in_same_term=\u00a0\u00bbon\u00a0\u00bb prev_text=\u00a0\u00bbSuivant\u00a0\u00bb next_text=\u00a0\u00bbPr\u00e9c\u00e9dent\u00a0\u00bb disabled_on=\u00a0\u00bboff|off|off\u00a0\u00bb admin_label=\u00a0\u00bbNavigation dans les posts\u00a0\u00bb module_class=\u00a0\u00bbnavprojets\u00a0\u00bb _builder_version=\u00a0\u00bb4.27.7&Prime; _module_preset=\u00a0\u00bbdefault\u00a0\u00bb title_text_color=\u00a0\u00bb#000000&Prime; module_alignment=\u00a0\u00bbcenter\u00a0\u00bb custom_margin=\u00a0\u00bb0px|0px|0px|0px|false|false\u00a0\u00bb custom_padding=\u00a0\u00bb|0px||0px|false|false\u00a0\u00bb global_colors_info=\u00a0\u00bb{}\u00a0\u00bb][\/et_pb_post_nav][\/et_pb_column][et_pb_column type=\u00a0\u00bb2_3&Prime; _builder_version=\u00a0\u00bb4.16&Prime; custom_padding=\u00a0\u00bb|||\u00a0\u00bb global_colors_info=\u00a0\u00bb{}\u00a0\u00bb custom_padding__hover=\u00a0\u00bb|||\u00a0\u00bb][el_masonry_gallery image_ids=\u00a0\u00bb7616,7617,7618,7619,7620,7621,7622,7623,7624,7625,7626,7627,7629,7630,7631&Prime; number_of_columns=\u00a0\u00bb2&Prime; image_size=\u00a0\u00bbfull\u00a0\u00bb enable_lightbox=\u00a0\u00bbon\u00a0\u00bb number_of_columns_tablet=\u00a0\u00bb1&Prime; number_of_columns_phone=\u00a0\u00bb1&Prime; number_of_columns_last_edited=\u00a0\u00bbon|desktop\u00a0\u00bb _builder_version=\u00a0\u00bb4.27.7&Prime; _module_preset=\u00a0\u00bbdefault\u00a0\u00bb global_colors_info=\u00a0\u00bb{}\u00a0\u00bb][\/el_masonry_gallery][el_masonry_gallery image_ids=\u00a0\u00bb7638,7639,7640,7641,7642,7643,7644,7645,7646&Prime; number_of_columns=\u00a0\u00bb2&Prime; image_size=\u00a0\u00bbfull\u00a0\u00bb enable_lightbox=\u00a0\u00bbon\u00a0\u00bb number_of_columns_tablet=\u00a0\u00bb1&Prime; number_of_columns_phone=\u00a0\u00bb1&Prime; number_of_columns_last_edited=\u00a0\u00bbon|desktop\u00a0\u00bb _builder_version=\u00a0\u00bb4.27.7&Prime; _module_preset=\u00a0\u00bbdefault\u00a0\u00bb global_colors_info=\u00a0\u00bb{}\u00a0\u00bb][\/el_masonry_gallery][\/et_pb_column][\/et_pb_row][\/et_pb_section]<\/p>\n","protected":false},"excerpt":{"rendered":"<p>Images int\u00e9rieures 1984-1988 Technique : Film argentique noir et blanc &#8211; Tirage papier baryt\u00e9\u00a0 Mes premi\u00e8res photographies argentiques en noir et blanc rel\u00e8vent d\u2019une d\u00e9marche autobiographique centr\u00e9e sur le corps, parfois proche du happening. Influenc\u00e9e par les actionnistes viennois que je c\u00f4toyais dans les ann\u00e9es 80, j\u2019y mets en sc\u00e8ne mon corps et celui d\u2019autres [&hellip;]<\/p>\n","protected":false},"author":1,"featured_media":7639,"comment_status":"open","ping_status":"closed","template":"","meta":{"_et_pb_use_builder":"on","_et_pb_old_content":"<p><strong>Op\u00e9ra de Guillaume Connesson<\/strong><\/p><p>Mise en sc\u00e8ne Florent Siaud<\/p><p>Sc\u00e9nographie et costumes Philippe Miesch<\/p><p>Th\u00e9\u00e2tre de Compi\u00e8gne, Th\u00e9\u00e2tre de l\u2019Ath\u00e9n\u00e9e 2020<\/p>","_et_gb_content_width":"","inline_featured_image":false,"footnotes":""},"project_category":[19,7],"project_tag":[],"class_list":["post-2054","project","type-project","status-publish","has-post-thumbnail","hentry","project_category-geographies-humaines-portraits-et-territoires","project_category-images-interieures"],"_links":{"self":[{"href":"https:\/\/absolument-fab.com\/melody\/wp-json\/wp\/v2\/project\/2054","targetHints":{"allow":["GET"]}}],"collection":[{"href":"https:\/\/absolument-fab.com\/melody\/wp-json\/wp\/v2\/project"}],"about":[{"href":"https:\/\/absolument-fab.com\/melody\/wp-json\/wp\/v2\/types\/project"}],"author":[{"embeddable":true,"href":"https:\/\/absolument-fab.com\/melody\/wp-json\/wp\/v2\/users\/1"}],"replies":[{"embeddable":true,"href":"https:\/\/absolument-fab.com\/melody\/wp-json\/wp\/v2\/comments?post=2054"}],"version-history":[{"count":43,"href":"https:\/\/absolument-fab.com\/melody\/wp-json\/wp\/v2\/project\/2054\/revisions"}],"predecessor-version":[{"id":7696,"href":"https:\/\/absolument-fab.com\/melody\/wp-json\/wp\/v2\/project\/2054\/revisions\/7696"}],"wp:featuredmedia":[{"embeddable":true,"href":"https:\/\/absolument-fab.com\/melody\/wp-json\/wp\/v2\/media\/7639"}],"wp:attachment":[{"href":"https:\/\/absolument-fab.com\/melody\/wp-json\/wp\/v2\/media?parent=2054"}],"wp:term":[{"taxonomy":"project_category","embeddable":true,"href":"https:\/\/absolument-fab.com\/melody\/wp-json\/wp\/v2\/project_category?post=2054"},{"taxonomy":"project_tag","embeddable":true,"href":"https:\/\/absolument-fab.com\/melody\/wp-json\/wp\/v2\/project_tag?post=2054"}],"curies":[{"name":"wp","href":"https:\/\/api.w.org\/{rel}","templated":true}]}}

Images intérieures 1984-1988

<p>[et_pb_section fb_built= »1&Prime; _builder_version= »4.27.7&Prime; custom_margin= »0px||0px||false|false » custom_padding= »0px||0px||false|false » global_colors_info= »{} »][et_pb_row column_structure= »1_3,2_3&Prime; _builder_version= »4.27.4&Prime; background_size= »initial » background_position= »top_left » background_repeat= »repeat » custom_margin= »||0px||false|false » custom_padding= »||||false|false » global_colors_info= »{} »][et_pb_column type= »1_3&Prime; _builder_version= »4.27.4&Prime; custom_padding= »30px||||false|false » global_colors_info= »{} » custom_padding__hover= »||| »][et_pb_text _builder_version= »4.27.7&Prime; header_2_font_size= »28px » background_size= »initial » background_position= »top_left » background_repeat= »repeat » global_colors_info= »{} »]</p>
<h4 style="text-align: justify;">Images intérieures</h4>
<p style="text-align: justify;">1984-1988</p>
<p><strong><em>Technique : Film argentique noir et blanc &#8211; Tirage papier baryté </em></strong></p>
<p style="text-align: left;">Mes premières photographies argentiques en noir et blanc relèvent d’une démarche autobiographique centrée sur le corps, parfois proche du happening. Influencée par les actionnistes viennois que je côtoyais dans les années 80, j’y mets en scène mon corps et celui d’autres femmes : corps dénudés, attachés, bandés, pris dans la matière, ramenés à leur condition de chair et d’émotion. Ces images, souvent altérées ou réinterprétées par des manipulations successives, explorent l’aliénation, l’angoisse et la détresse humaines.</p>
<p>&nbsp;</p>
<p>[/et_pb_text][et_pb_post_nav in_same_term= »on » prev_text= »Suivant » next_text= »Précédent » disabled_on= »off|off|off » admin_label= »Navigation dans les posts » module_class= »navprojets » _builder_version= »4.27.7&Prime; _module_preset= »default » title_text_color= »#000000&Prime; module_alignment= »center » custom_margin= »0px|0px|0px|0px|false|false » custom_padding= »|0px||0px|false|false » global_colors_info= »{} »][/et_pb_post_nav][/et_pb_column][et_pb_column type= »2_3&Prime; _builder_version= »4.16&Prime; custom_padding= »||| » global_colors_info= »{} » custom_padding__hover= »||| »][el_masonry_gallery image_ids= »7616,7617,7618,7619,7620,7621,7622,7623,7624,7625,7626,7627,7629,7630,7631&Prime; number_of_columns= »2&Prime; image_size= »full » enable_lightbox= »on » number_of_columns_tablet= »1&Prime; number_of_columns_phone= »1&Prime; number_of_columns_last_edited= »on|desktop » _builder_version= »4.27.7&Prime; _module_preset= »default » global_colors_info= »{} »][/el_masonry_gallery][el_masonry_gallery image_ids= »7638,7639,7640,7641,7642,7643,7644,7645,7646&Prime; number_of_columns= »2&Prime; image_size= »full » enable_lightbox= »on » number_of_columns_tablet= »1&Prime; number_of_columns_phone= »1&Prime; number_of_columns_last_edited= »on|desktop » _builder_version= »4.27.7&Prime; _module_preset= »default » global_colors_info= »{} »][/el_masonry_gallery][/et_pb_column][/et_pb_row][/et_pb_section]</p>

<p>Images intérieures 1984-1988 Technique : Film argentique noir et blanc &#8211; Tirage papier baryté  Mes premières photographies argentiques en noir et blanc relèvent d’une démarche autobiographique centrée sur le corps, parfois proche du happening. Influencée par les actionnistes viennois que je côtoyais dans les années 80, j’y mets en scène mon corps et celui d’autres [&hellip;]</p>

<p><strong>Opéra de Guillaume Connesson</strong></p><p>Mise en scène Florent Siaud</p><p>Scénographie et costumes Philippe Miesch</p><p>Théâtre de Compiègne, Théâtre de l’Athénée 2020</p>
