{"id":6185,"date":"2026-07-06T11:04:34","date_gmt":"2026-07-06T09:04:34","guid":{"rendered":"https:\/\/absolument-fab.com\/melody\/?post_type=project&#038;p=6185"},"modified":"2026-07-20T09:07:36","modified_gmt":"2026-07-20T07:07:36","slug":"exhumation-2","status":"publish","type":"project","link":"https:\/\/absolument-fab.com\/melody\/project\/exhumation-2\/","title":{"rendered":"Exhumation 2026"},"content":{"rendered":"<p>[et_pb_section fb_built=\u00a0\u00bb1&Prime; _builder_version=\u00a0\u00bb4.27.4&Prime; custom_margin=\u00a0\u00bb0px||0px||false|false\u00a0\u00bb custom_padding=\u00a0\u00bb0px||0px||false|false\u00a0\u00bb global_colors_info=\u00a0\u00bb{}\u00a0\u00bb][et_pb_row column_structure=\u00a0\u00bb1_3,2_3&Prime; _builder_version=\u00a0\u00bb4.27.4&Prime; background_size=\u00a0\u00bbinitial\u00a0\u00bb background_position=\u00a0\u00bbtop_left\u00a0\u00bb background_repeat=\u00a0\u00bbrepeat\u00a0\u00bb custom_margin=\u00a0\u00bb||0px||false|false\u00a0\u00bb custom_padding=\u00a0\u00bb||||false|false\u00a0\u00bb global_colors_info=\u00a0\u00bb{}\u00a0\u00bb][et_pb_column type=\u00a0\u00bb1_3&Prime; _builder_version=\u00a0\u00bb4.27.4&Prime; custom_padding=\u00a0\u00bb30px||||false|false\u00a0\u00bb global_colors_info=\u00a0\u00bb{}\u00a0\u00bb custom_padding__hover=\u00a0\u00bb|||\u00a0\u00bb][et_pb_text _builder_version=\u00a0\u00bb4.27.7&Prime; header_2_font_size=\u00a0\u00bb28px\u00a0\u00bb background_size=\u00a0\u00bbinitial\u00a0\u00bb background_position=\u00a0\u00bbtop_left\u00a0\u00bb background_repeat=\u00a0\u00bbrepeat\u00a0\u00bb hover_enabled=\u00a0\u00bb0&Prime; global_colors_info=\u00a0\u00bb{}\u00a0\u00bb sticky_enabled=\u00a0\u00bb0&Prime;]<\/p>\n<h4>Exhumation<\/h4>\n<p>2026<\/p>\n<p><em>Technique : prise d\u2019empreinte et moulage sur papier baryt\u00e9 &#8211; Autoportraits\u00a0<\/em><\/p>\n<p>Exhumation pr\u00e9sente plus de cinquante empreintes faciales in\u00e9dites r\u00e9alis\u00e9es en 1995 sur papier argentique sculpt\u00e9 directement sur la peau. Ces images, rejet\u00e9es \u00e0 l\u2019\u00e9poque et conserv\u00e9es dans une bo\u00eete, sont exhum\u00e9es trente ans plus tard pour constituer une archive \u00e9motionnelle brute et non retouch\u00e9e. Le projet confronte le spectateur \u00e0 la mat\u00e9rialit\u00e9 du visage et \u00e0 la m\u00e9moire d\u2019un geste intime, profond\u00e9ment marqu\u00e9 par le contexte des ann\u00e9es sida.<\/p>\n<p>[\/et_pb_text][et_pb_post_nav in_same_term=\u00a0\u00bbon\u00a0\u00bb prev_text=\u00a0\u00bbSuivant\u00a0\u00bb next_text=\u00a0\u00bbPr\u00e9c\u00e9dent\u00a0\u00bb disabled_on=\u00a0\u00bboff|off|off\u00a0\u00bb admin_label=\u00a0\u00bbNavigation dans les posts\u00a0\u00bb module_class=\u00a0\u00bbnavprojets\u00a0\u00bb _builder_version=\u00a0\u00bb4.27.7&Prime; _module_preset=\u00a0\u00bbdefault\u00a0\u00bb title_text_color=\u00a0\u00bb#000000&Prime; module_alignment=\u00a0\u00bbcenter\u00a0\u00bb custom_margin=\u00a0\u00bb0px|0px|0px|0px|false|false\u00a0\u00bb custom_padding=\u00a0\u00bb|0px||0px|false|false\u00a0\u00bb global_colors_info=\u00a0\u00bb{}\u00a0\u00bb][\/et_pb_post_nav][\/et_pb_column][et_pb_column type=\u00a0\u00bb2_3&Prime; _builder_version=\u00a0\u00bb4.16&Prime; custom_padding=\u00a0\u00bb|||\u00a0\u00bb global_colors_info=\u00a0\u00bb{}\u00a0\u00bb custom_padding__hover=\u00a0\u00bb|||\u00a0\u00bb][el_masonry_gallery image_ids=\u00a0\u00bb6204,6203,6202,6201,6200,6199,6198,6197,6196,6195,6194,6193,6192,6191,6190&Prime; image_size=\u00a0\u00bblarge\u00a0\u00bb enable_lightbox=\u00a0\u00bbon\u00a0\u00bb number_of_columns_tablet=\u00a0\u00bb1&Prime; number_of_columns_phone=\u00a0\u00bb1&Prime; number_of_columns_last_edited=\u00a0\u00bbon|phone\u00a0\u00bb _builder_version=\u00a0\u00bb4.27.7&Prime; _module_preset=\u00a0\u00bbdefault\u00a0\u00bb global_colors_info=\u00a0\u00bb{}\u00a0\u00bb][\/el_masonry_gallery][\/et_pb_column][\/et_pb_row][\/et_pb_section]<\/p>\n","protected":false},"excerpt":{"rendered":"<p>Exhumation 2026 Technique : prise d\u2019empreinte et moulage sur papier baryt\u00e9 &#8211; Autoportraits\u00a0 Exhumation pr\u00e9sente plus de cinquante empreintes faciales in\u00e9dites r\u00e9alis\u00e9es en 1995 sur papier argentique sculpt\u00e9 directement sur la peau. Ces images, rejet\u00e9es \u00e0 l\u2019\u00e9poque et conserv\u00e9es dans une bo\u00eete, sont exhum\u00e9es trente ans plus tard pour constituer une archive \u00e9motionnelle brute et [&hellip;]<\/p>\n","protected":false},"author":2,"featured_media":6942,"comment_status":"closed","ping_status":"closed","template":"","meta":{"_et_pb_use_builder":"on","_et_pb_old_content":"<p><strong>Op\u00e9ra de Guillaume Connesson<\/strong><\/p><p>Mise en sc\u00e8ne Florent Siaud<\/p><p>Sc\u00e9nographie et costumes Philippe Miesch<\/p><p>Th\u00e9\u00e2tre de Compi\u00e8gne, Th\u00e9\u00e2tre de l\u2019Ath\u00e9n\u00e9e 2020<\/p>","_et_gb_content_width":"","inline_featured_image":false,"footnotes":""},"project_category":[61,19],"project_tag":[],"class_list":["post-6185","project","type-project","status-publish","has-post-thumbnail","hentry","project_category-exhumation","project_category-geographies-humaines-portraits-et-territoires"],"_links":{"self":[{"href":"https:\/\/absolument-fab.com\/melody\/wp-json\/wp\/v2\/project\/6185","targetHints":{"allow":["GET"]}}],"collection":[{"href":"https:\/\/absolument-fab.com\/melody\/wp-json\/wp\/v2\/project"}],"about":[{"href":"https:\/\/absolument-fab.com\/melody\/wp-json\/wp\/v2\/types\/project"}],"author":[{"embeddable":true,"href":"https:\/\/absolument-fab.com\/melody\/wp-json\/wp\/v2\/users\/2"}],"replies":[{"embeddable":true,"href":"https:\/\/absolument-fab.com\/melody\/wp-json\/wp\/v2\/comments?post=6185"}],"version-history":[{"count":19,"href":"https:\/\/absolument-fab.com\/melody\/wp-json\/wp\/v2\/project\/6185\/revisions"}],"predecessor-version":[{"id":7506,"href":"https:\/\/absolument-fab.com\/melody\/wp-json\/wp\/v2\/project\/6185\/revisions\/7506"}],"wp:featuredmedia":[{"embeddable":true,"href":"https:\/\/absolument-fab.com\/melody\/wp-json\/wp\/v2\/media\/6942"}],"wp:attachment":[{"href":"https:\/\/absolument-fab.com\/melody\/wp-json\/wp\/v2\/media?parent=6185"}],"wp:term":[{"taxonomy":"project_category","embeddable":true,"href":"https:\/\/absolument-fab.com\/melody\/wp-json\/wp\/v2\/project_category?post=6185"},{"taxonomy":"project_tag","embeddable":true,"href":"https:\/\/absolument-fab.com\/melody\/wp-json\/wp\/v2\/project_tag?post=6185"}],"curies":[{"name":"wp","href":"https:\/\/api.w.org\/{rel}","templated":true}]}}

<p>[et_pb_section fb_built= »1&Prime; _builder_version= »4.27.4&Prime; custom_margin= »0px||0px||false|false » custom_padding= »0px||0px||false|false » global_colors_info= »{} »][et_pb_row column_structure= »1_3,2_3&Prime; _builder_version= »4.27.4&Prime; background_size= »initial » background_position= »top_left » background_repeat= »repeat » custom_margin= »||0px||false|false » custom_padding= »||||false|false » global_colors_info= »{} »][et_pb_column type= »1_3&Prime; _builder_version= »4.27.4&Prime; custom_padding= »30px||||false|false » global_colors_info= »{} » custom_padding__hover= »||| »][et_pb_text _builder_version= »4.27.7&Prime; header_2_font_size= »28px » background_size= »initial » background_position= »top_left » background_repeat= »repeat » hover_enabled= »0&Prime; global_colors_info= »{} » sticky_enabled= »0&Prime;]</p>
<h4>Exhumation</h4>
<p>2026</p>
<p><em>Technique : prise d’empreinte et moulage sur papier baryté &#8211; Autoportraits </em></p>
<p>Exhumation présente plus de cinquante empreintes faciales inédites réalisées en 1995 sur papier argentique sculpté directement sur la peau. Ces images, rejetées à l’époque et conservées dans une boîte, sont exhumées trente ans plus tard pour constituer une archive émotionnelle brute et non retouchée. Le projet confronte le spectateur à la matérialité du visage et à la mémoire d’un geste intime, profondément marqué par le contexte des années sida.</p>
<p>[/et_pb_text][et_pb_post_nav in_same_term= »on » prev_text= »Suivant » next_text= »Précédent » disabled_on= »off|off|off » admin_label= »Navigation dans les posts » module_class= »navprojets » _builder_version= »4.27.7&Prime; _module_preset= »default » title_text_color= »#000000&Prime; module_alignment= »center » custom_margin= »0px|0px|0px|0px|false|false » custom_padding= »|0px||0px|false|false » global_colors_info= »{} »][/et_pb_post_nav][/et_pb_column][et_pb_column type= »2_3&Prime; _builder_version= »4.16&Prime; custom_padding= »||| » global_colors_info= »{} » custom_padding__hover= »||| »][el_masonry_gallery image_ids= »6204,6203,6202,6201,6200,6199,6198,6197,6196,6195,6194,6193,6192,6191,6190&Prime; image_size= »large » enable_lightbox= »on » number_of_columns_tablet= »1&Prime; number_of_columns_phone= »1&Prime; number_of_columns_last_edited= »on|phone » _builder_version= »4.27.7&Prime; _module_preset= »default » global_colors_info= »{} »][/el_masonry_gallery][/et_pb_column][/et_pb_row][/et_pb_section]</p>

<p>Exhumation 2026 Technique : prise d’empreinte et moulage sur papier baryté &#8211; Autoportraits  Exhumation présente plus de cinquante empreintes faciales inédites réalisées en 1995 sur papier argentique sculpté directement sur la peau. Ces images, rejetées à l’époque et conservées dans une boîte, sont exhumées trente ans plus tard pour constituer une archive émotionnelle brute et [&hellip;]</p>

<p><strong>Opéra de Guillaume Connesson</strong></p><p>Mise en scène Florent Siaud</p><p>Scénographie et costumes Philippe Miesch</p><p>Théâtre de Compiègne, Théâtre de l’Athénée 2020</p>
